 thousands digit of 2879?
2
What is the hundreds digit of 1019?
0
What is the hundreds digit of 2285?
2
What is the tens digit of 33560?
6
What is the thousands digit of 33628?
3
What is the tens digit of 56952?
5
What is the hundreds digit of 52770?
7
What is the thousands digit of 11649?
1
What is the units digit of 1396?
6
What is the tens digit of 159?
5
What is the thousands digit of 4802?
4
What is the tens digit of 6680?
8
What is the tens digit of 31708?
0
What is the hundreds digit of 877?
8
What is the tens digit of 12?
1
What is the tens digit of 1506?
0
What is the thousands digit of 45402?
5
What is the thousands digit of 2199?
2
What is the thousands digit of 78358?
8
What is the hundreds digit of 247?
2
What is the units digit of 1213?
3
What is the units digit of 2584?
4
What is the thousands digit of 5129?
5
What is the hundreds digit of 3891?
8
What is the units digit of 9365?
5
What is the thousands digit of 155947?
5
What is the ten thousands digit of 16369?
1
What is the thousands digit of 25153?
5
What is the tens digit of 1921?
2
What is the units digit of 727?
7
What is the units digit of 6917?
7
What is the units digit of 2289?
9
What is the thousands digit of 3112?
3
What is the hundreds digit of 626?
6
What is the tens digit of 2422?
2
What is the hundreds digit of 719?
7
What is the units digit of 570?
0
What is the hundreds digit of 2389?
3
What is the hundreds digit of 36215?
2
What is the hundreds digit of 18548?
5
What is the ten thousands digit of 52299?
5
What is the tens digit of 24797?
9
What is the hundreds digit of 108623?
6
What is the hundreds digit of 15238?
2
What is the tens digit of 14?
1
What is the hundreds digit of 15084?
0
What is the hundreds digit of 2114?
1
What is the tens digit of 13358?
5
What is the tens digit of 871?
7
What is the tens digit of 68653?
5
What is the ten thousands digit of 27709?
2
What is the thousands digit of 25035?
5
What is the hundreds digit of 686?
6
What is the tens digit of 13928?
2
What is the hundreds digit of 4521?
5
What is the hundreds digit of 1087?
0
What is the tens digit of 283?
8
What is the thousands digit of 13386?
3
What is the units digit of 2727?
7
What is the hundreds digit of 413?
4
What is the units digit of 21563?
3
What is the thousands digit of 1537?
1
What is the tens digit of 4030?
3
What is the units digit of 330?
0
What is the tens digit of 926?
2
What is the tens digit of 2623?
2
What is the units digit of 1215?
5
What is the tens digit of 1666?
6
What is the hundreds digit of 478?
4
What is the tens digit of 883?
8
What is the hundreds digit of 11134?
1
What is the tens digit of 190?
9
What is the hundreds digit of 3914?
9
What is the units digit of 40388?
8
What is the hundreds digit of 723?
7
What is the ten thousands digit of 13573?
1
What is the thousands digit of 33257?
3
What is the thousands digit of 62132?
2
What is the tens digit of 7496?
9
What is the units digit of 1749?
9
What is the tens digit of 125?
2
What is the tens digit of 595?
9
What is the hundreds digit of 573?
5
What is the hundreds digit of 440?
4
What is the ten thousands digit of 23291?
2
What is the hundreds digit of 15266?
2
What is the hundreds digit of 15322?
3
What is the units digit of 3843?
3
What is the thousands digit of 17210?
7
What is the units digit of 27424?
4
What is the hundreds digit of 420?
4
What is the tens digit of 6549?
4
What is the hundred thousands digit of 108563?
1
What is the units digit of 9131?
1
What is the units digit of 628?
8
What is the hundreds digit of 304?
3
What is the ten thousands digit of 70488?
7
What is the units digit of 7390?
0
What is the hundreds digit of 7990?
9
What is the tens digit of 1830?
3
What is the units digit of 14965?
5
What is the ten thousands digit of 40427?
4
What is the units digit of 3995?
5
What is the hundreds digit of 8435?
4
What is the hundreds digit of 58529?
5
What is the tens digit of 11033?
3
What is the thousands digit of 29804?
9
What is the tens digit of 860?
6
What is the thousands digit of 8729?
8
What is the units digit of 3547?
7
What is the hundreds digit of 19350?
3
What is the units digit of 4172?
2
What is the hundreds digit of 445?
4
What is the hundreds digit of 40381?
3
What is the hundreds digit of 1110?
1
What is the tens digit of 236?
3
What is the tens digit of 12078?
7
What is the hundreds digit of 913?
9
What is the hundreds digit of 439?
4
What is the tens digit of 46493?
9
What is the tens digit of 1288?
8
What is the units digit of 867?
7
What is the tens digit of 6317?
1
What is the units digit of 557?
7
What is the hundreds digit of 38406?
4
What is the hundreds digit of 6738?
7
What is the thousands digit of 24052?
4
What is the units digit of 459?
9
What is the units digit of 726?
6
What is the units digit of 11337?
7
What is the hundreds digit of 620?
6
What is the hundreds digit of 13141?
1
What is the tens digit of 5256?
5
What is the tens digit of 2811?
1
What is the ten thousands digit of 12371?
1
What is the tens digit of 1356?
5
What is the units digit of 2631?
1
What is the tens digit of 44743?
4
What is the hundreds digit of 883?
8
What is the units digit of 61479?
9
What is the tens digit of 270?
7
What is the units digit of 5228?
8
What is the units digit of 29685?
5
What is the hundreds digit of 17481?
4
What is the hundreds digit of 2123?
1
What is the tens digit of 1524?
2
What is the units digit of 23732?
2
What is the tens digit of 59854?
5
What is the hundreds digit of 14982?
9
What is the thousands digit of 2544?
2
What is the tens digit of 843?
4
What is the hundreds digit of 915?
9
What is the hundreds digit of 12103?
1
What is the hundred thousands digit of 153930?
1
What is the tens digit of 1895?
9
What is the tens digit of 2122?
2
What is the units digit of 26772?
2
What is the hundreds digit of 405?
4
What is the tens digit of 5467?
6
What is the hundreds digit of 500?
5
What is the hundreds digit of 66925?
9
What is the units digit of 4370?
0
What is the ten thousands digit of 23681?
2
What is the thousands digit of 168650?
8
What is the tens digit of 12959?
5
What is the hundreds digit of 1135?
1
What is the hundreds digit of 2012?
0
What is the units digit of 188?
8
What is the units digit of 4290?
0
What is the tens digit of 1083?
8
What is the ten thousands digit of 42634?
4
What is the units digit of 38882?
2
What is the hundreds digit of 3606?
6
What is the hundreds digit of 52179?
1
What is the hundreds digit of 1063?
0
What is the hundred thousands digit of 156309?
1
What is the units digit of 3583?
3
What is the tens digit of 325?
2
What is the tens digit of 3728?
2
What is the tens digit of 652?
5
What is the units digit of 814?
4
What is the tens digit of 43021?
2
What is the tens digit of 4172?
7
What is the tens digit of 63431?
3
What is the units digit of 95?
5
What is the hundreds digit of 15295?
2
What is the hundreds digit of 12917?
9
What is the hundreds digit of 279?
2
What is the tens digit of 1135?
3
What is the hundreds digit of 20402?
4
What is the tens digit of 489?
8
What is the tens digit of 16281?
8
What is the ten thousands digit of 20394?
2
What is the tens digit of 201?
0
What is the ten thousands digit of 26492?
2
What is the units digit of 468?
8
What is the ten thousands digit of 58880?
5
What is the hundreds digit of 364?
3
What is the ten thousands digit of 16979?
1
What is the hundreds digit of 80115?
1
What is the ten thousands digit of 16057?
1
What is the units digit of 1383?
3
What is the hundreds digit of 1950?
9
What is the units digit of 28?
8
What is the tens digit of 8951?
5
What is the thousands digit of 20006?
0
What is the thousands digit of 30523?
0
What is the tens digit of 54315?
1
What is the hundreds digit of 18098?
0
What is the tens digit of 4906?
0
What is the units digit of 2645?
5
What is the units digit of 2232?
2
What is the thousands digit of 75216?
5
What is the hundreds digit of 9955?
9
What is the tens digit of 12514?
1
What is the hundreds digit of 919?
9
What is the units digit of 5047?
7
What is the units digit of 25092?
2
What is the tens digit of 53103?
0
What is the tens digit of 3971?
7
What is the ten thousands digit of 30687?
3
What is the hundreds digit of 216